first derivative of -o**3/3 + 3*o**2/2 + 13*o - 97. What is b(6)?
-5
Let c(q) = q**3 - 73 - q**2 - 2*q + 72 + 4*q**2. Let y(g) = 2*g + 7. Suppose -7*n + 3*n = 20. Let f be y(n). Determine c(f).
5
Let u(w) = -9*w - 4. Suppose 6*c - p + 3 = 8*c, -p + 4 = 3*c. Calculate u(c).
-13
Let w be 1*(-1 + 2)*2. Let f(o) be the second derivative of -1/6*o**3 + 0 - 7*o - 1/2*o**2. Determine f(w).
-3
Let t(b) = -4*b**3 - 6*b**2 - 6*b - 7. Let x(j) = 9*j**3 + 13*j**2 + 13*j + 13. Let w(p) = 7*t(p) + 3*x(p). Determine w(-3).
-1
Suppose 70*c + 88 = 81*c. Let j(f) = -f**2 + 7*f + 4. Give j(c).
-4
Let q(w) = -2*w + 21. Let p(a) = -a + 11. Let c(l) = 5*p(l) - 3*q(l). What is c(6)?
-2
Let j(p) = -17*p - 17*p + 15*p + 20*p - 13. Calculate j(4).
-9
Let f(r) = -12*r - 3. Let s = 160 + -162. Give f(s).
21
Let c(x) = -48*x - 11 - 11 + 10 + 49*x. Suppose -2*z = z. Suppose -15 = -3*u - z*u. Determine c(u).
-7
Let x(a) be the second derivative of a**5/20 - 5*a**4/12 - 5*a**3/6 - 5*a**2 - 4*a. Let m be x(6). Let j(h) = 3*h + 1. Give j(m).
-11
Suppose -z - 11*z = -5*z. Let n(u) = -u**3 + u**2 + u. Let o(k) = 3*k**3 - 3*k**2 - 3*k - 16. Let f(q) = -4*n(q) - o(q). Give f(z).
16
Let m(y) = 4*y + 43. Let b be m(-10). Suppose -q + 0*q = -b*q. Let w(f) = f**2 + 2*f + 7. Let u(r) = -r**2 - 3*r - 7. Let l(s) = 2*u(s) + 3*w(s). What is l(q)?
7
Suppose 4*m = -3*x + 49, 8*x - 59 = 4*x + m. Suppose -z = 4*a + 11, z - a = -6*a - x. Let f(n) = -3*n**3 + 6*n**2 - 6*n + 2*n**3 + 0*n + 0*n - 2. What is f(z)?
-7
Let z(a) be the second derivative of -1/2*a**2 - 13*a + 5/12*a**4 + 1/3*a**3 + 0. Calculate z(1).
6
Let v(u) = u**2 + 10*u - 13. Let z = 215 - 224. Determine v(z).
-22
Let t(c) be the first derivative of -c**2/2 - c - 653. Let x be 8 - (1 + (-2 - -3)). Give t(x).
-7
Let d(z) = z**3 + 3*z**2 - 2*z - 2. Let n be d(2). Suppose 8 = -2*j - n. Let p = j - -8. Let u(r) = -r**3 - 4*r**2 - 2*r + 2. What is u(p)?
-1
Let u(q) be the first derivative of -q**3/2 - 3*q**2 + 39*q + 43. Let a(z) be the first derivative of u(z). Calculate a(-7).
15
Let m(y) = -y**2 + y - 15. Let t be (-33)/(-5) - 8/(-20). Let w(r) = -r**2 + 2*r - 14. Let h(x) = t*w(x) - 6*m(x). What is h(6)?
4
Let j = -102 - -105. Let c(f) be the third derivative of -1/60*f**5 - f**2 + 1/6*f**4 + 0*f + 4/3*f**j + 0. Calculate c(6).
-4
Let a(k) be the first derivative of -k**4 - 2*k**3 + 7*k - 26. Let r(h) = -3*h**3 - 6*h**2 + h + 6. Let g(j) = -2*a(j) + 3*r(j). Determine g(-6).
-14
Let m(l) be the first derivative of -l**2/2 + 116. Calculate m(7).
-7
Let l(t) = -39*t. Let m(y) = -13*y. Suppose -3*h = 4*w - 8, 10 = w + 4*w - 3*h. Suppose -u = -w - 1. Let s(d) = u*l(d) - 8*m(d). Determine s(-1).
13
Let x(q) be the third derivative of -q**7/840 + q**5/120 - 2*q**3/3 - 11*q**2. Let t(k) be the first derivative of x(k). Give t(2).
-6
Let x(v) = -3*v + 17. Let u(t) = -21*t + 123. Let d(c) = 4*u(c) - 27*x(c). Determine d(9).
6
Let i(z) be the first derivative of z**4/4 - 4*z**3/3 - 7*z**2/2 + 5*z + 1. Let h be -42*7/(-14) - 2/(-1). Let c = h - 18. Determine i(c).
-5
Let t(x) = -x**3 - 2*x**2 + x + 2. Suppose -k = -2*h + 1, 5*k = 54 - 39. Determine t(h).
-12
Suppose -c + 30 = 6*v, v + 2 = 7*c - 6*c. Let k(z) be the second derivative of -3*z**2 + 1/3*z**3 + 0 + z. Determine k(v).
2
Let g(p) = 17*p**3 + p**2 - 1. Let t(q) = -q**2 - 5*q. Let r be t(-4). Suppose r = 4*b - 2*b. Let v(l) = -l**2 + l + 3. Let j be v(b). Calculate g(j).
17
Let s(k) = -k**2 - 12*k + 25. Let w be s(-14). Let d be (-6*(-4)/(-18))/(2/w). Let z(u) = -8*u. Calculate z(d).
-16
Let v(n) = n**2 - 6*n + 7. Let k be (-70)/7 + 5 - 60/(-5). Calculate v(k).
14
Suppose 0 = -r - 5*q + 3, -2*r + 4*q - 4 = 4. Let a(f) = -6*f - 7. Give a(r).
5
Let n(r) = -r**3 + 5*r**2 - 3*r - 2. Let p = -22 + 42. Let w be 29/(-2) - 10/p. Let z be 5/w + 26/6. Determine n(z).
2
Let i(q) = -q**3 + q**2 + q + 2. Let t(p) = -p**3 + 18*p**2 + 2*p - 3. Let a(l) = 2*i(l) - t(l). Give a(-16).
7
Let b be (-6)/(-9)*1*3. Let l be (-11 + 16)/(b + -1). Let u(i) be the first derivative of i**4/4 - 5*i**3/3 - 3*i**2/2 + 7*i - 3. What is u(l)?
-8
Suppose 0*a = -3*a + 3. Let w(i) = 5*i**2 + a + 1 - 3*i - 7*i**2. Let f(d) = 2*d**2 + 30*d - 3. Let r be f(-15). Give w(r).
-7
Let c(l) = 0 - 2 - 1 + l**2 - 2. Determine c(-4).
11
Suppose -156*u - 115 + 583 = 0. Let i(a) be the third derivative of a**5/60 - 5*a**4/24 + a**3/6 + a**2. Determine i(u).
-5
Let j(y) = -y**2 - 9*y - 21. Let o be j(-3). Let r(l) = -l**2 - l - 2. Give r(o).
-8
Let t(q) = -631*q + 4 - 7 - 4 + 635*q. What is t(-3)?
-19
Let b(m) = -4*m + 3. Suppose -5*v + 496 = -4*j - v, -5*j = 2*v + 613. Let g = -121 - j. Determine b(g).
-5
Suppose -76 = -3*x - 0*x + 4*q, -3*x = 5*q - 94. Suppose 0 = -3*b + 4*y + 40, 4*b + 0*y = -y + x. Let z(h) = h - 8. Give z(b).
0
Suppose -6 = 2*v, -2*f + 96*v - 97*v = 1. Let u(x) = -6*x**3 + 4*x**2 - x - 1. Calculate u(f).
-4
Let x(r) be the third derivative of -3/20*r**5 + 0*r + 0*r**4 + 1/6*r**3 + 10*r**2 + 0. Calculate x(-1).
-8
Let z(w) be the second derivative of w**7/840 - w**6/90 - w**3/2 - 3*w. Let u(s) be the second derivative of z(s). Let f = -4 + 6. Calculate u(f).
-8
Let i(k) = -k**3 + 7*k**2 - k + 8. Let x be i(7). Let o(u) = -x + 6 + u + 4 - 6. What is o(-4)?
-1
Let b(l) = 3*l**2 - 5 - 7*l - 2*l**2 + 33 - 28. Calculate b(8).
8
Let u(k) be the first derivative of k**3/3 - 2*k**2 - 8*k - 39. What is u(6)?
4
Let v(b) = 11*b - 13. Let m(w) = -2*w - 5. Let p(t) = -2*m(t) - v(t). What is p(3)?
2
Let k(b) = -10*b**3 - 24*b**2 + 30*b + 14. Let n(o) = -3*o**3 - 8*o**2 + 10*o + 5. Let c(y) = 2*k(y) - 7*n(y). Determine c(-9).
2
Let c(g) = -7*g**2 - 23*g + 13. Let b(d) = 6*d**2 + 20*d - 12. Let v(z) = 6*b(z) + 5*c(z). Determine v(-5).
-7
Let z(a) = 209*a - 6 - 210*a - 3. Let r be 0 + (2 - 7)/1. What is z(r)?
-4
Let w(u) = u + 8. Let j be w(-6). Let y(q) = -5 + j*q**2 - 3*q**2 + 6 - 3*q. Let d be 3/(-2)*(-4 - -6). Calculate y(d).
1
Suppose i - 6 = -1. Let j(h) = 5*h**3 - 7*h**2 + h + 2. Let s(l) = 2*l**3 - l**2. Let z(u) = j(u) - 2*s(u). Give z(i).
7
Let c be 168/(-18)*(-6)/4. Suppose -2*b + 6 - c = 0. Let o(g) = 6*g - g - 3*g - g. Calculate o(b).
-4
Let p be (-3 - 0)/(-3)*-2. Let y be p + (-3)/(-4 - -3). Let g = 4 + y. Let l(b) = -2*b + 6. Give l(g).
-4
Let i(x) = -x**2 - x. Let v be ((-1)/(-3))/((-332)/168 + 2). Let u(a) = 2*a - 26. Let r be u(v). Determine i(r).
-6
Let g = 47 + -66. Let x = g - -28. Let f(l) = -l + 2*l**3 - l**3 + x + 3*l**2 - 10 + 0*l**2. Give f(-2).
5
Let u(g) be the third derivative of -g**6/120 - 7*g**5/60 - g**4/24 - g**3 + 2*g**2. Let v be ((-27)/4 - 0) + (-9)/36. Determine u(v).
1
Let i = 73 + -75. Let o(r) be the third derivative of 5*r**4/24 + 4*r**2. Calculate o(i).
-10
Suppose 31*l - 25*l - 18 = 0. Let x(v) = v**3 - v**2 + 2*v - 2. What is x(l)?
22
Suppose 0*z + 4*z + 108 = 0. Let a = 27 + z. Let f(m) = m**3 + m**2 + m - 5. Give f(a).
-5
Let o(f) = 1 - f**2 + 2*f + f + 6*f. Suppose 538*n + 144 = 554*n. What is o(n)?
1
Let k be (-30)/50*50/(-45). Let h(s) be the first derivative of -1/4*s**4 - 1/2*s**2 + k*s**3 + 3*s - 5. What is h(3)?
-9
Let s(h) = -h**3 + 2*h**2 - 5. Suppose 0 = -401*q + 402*q. What is s(q)?
-5
Let v(x) = x. Let q(j) = -7*j + 1. Let i(z) = q(z) + 2*v(z). Let a = 5 + 0. Suppose -a*b + 9 = -1. Calculate i(b).
-9
Let z(n) = 3*n**3 + 5*n**2 - 2*n + 3. Let y(a) = 7*a**3 + 11*a**2 - 5*a + 7. Let h(i) = -4*y(i) + 9*z(i). What is h(2)?
-1
Let b(v) = -3*v - 4. Let i(a) = 10*a + 13. Suppose 28 = 5*m - 7. Suppose m*c = 4*c + 21. Let n(l) = c*b(l) + 2*i(l). What is n(3)?
-5
Let i(v) = 5 - 4 + 4 - 2. Let z(y) = y**2 + y. Let g(r) = i(r) + z(r). Let h(s) be the first derivative of g(s). Determine h(2).
5
Suppose -100*m = -93*m - 28. Let c(b) = -b**2 + 3*b - 6. Let i be (4/(-6))/((-2)/18). Let t(k) = k**2 - 3*k + 7. Let u(o) = i*c(o) + 5*t(o). Calculate u(m).
-5
Let s(y) = y**3 + 6*y**2 + 2*y + 8. Let p(j) be the second derivative of 1/12*j**4 - 3/2*j**3 + 0 + j**2 + 3*j. Let f be p(8). Give s(f).
-4
Let r be (144/(-40))/(2/(-10)). Let j = 31 - r. Let v(l) = 7*l**2 + 7 - l - j*l**2 + l**3 - 2*l**3. Give v(-6).
13
Let p(d) be the second derivative of -d**6/360 - d**5/30 + d**4/24 - 2*d**3 - 13*d. Let v(w) be the second derivative of p(w). What is v(-3)?
4
Let o(u) = 23*u + 40. Let z(x) = 18*x 